{"id":2103,"date":"2018-09-28T11:13:18","date_gmt":"2018-09-28T11:13:18","guid":{"rendered":"http:\/\/okthemes.com\/traciandemo2\/?page_id=2103"},"modified":"2021-03-10T16:22:57","modified_gmt":"2021-03-10T15:22:57","slug":"homepage-v5","status":"publish","type":"page","link":"https:\/\/www.vecchiamasseria.com\/shop\/","title":{"rendered":"Homepage VM"},"content":{"rendered":"<p>[vc_row content_placement=&#8221;middle&#8221; css_animation=&#8221;fadeInUp&#8221; css=&#8221;.vc_custom_1615191830632{margin-bottom: 6em !important;padding-top: 6em !important;padding-right: 5% !important;padding-left: 5% !important;}&#8221;][vc_column css_animation=&#8221;fadeInUp&#8221; width=&#8221;1\/2&#8243; css=&#8221;.vc_custom_1615194800771{padding-top: 10% !important;padding-right: 10% !important;padding-bottom: 10% !important;padding-left: 10% !important;background-position: 0 0 !important;background-repeat: repeat !important;}&#8221;][vc_single_image image=&#8221;3374&#8243; img_size=&#8221;full&#8221; alignment=&#8221;center&#8221; css_animation=&#8221;bottom-to-top&#8221;][\/vc_column][vc_column width=&#8221;1\/2&#8243; css=&#8221;.vc_custom_1538137307016{padding-top: 5% !important;padding-right: 15% !important;padding-bottom: 5% !important;padding-left: 15% !important;}&#8221;]\n\t<div class=\"title-subtitle-box  wpb_animate_when_almost_visible wpb_bottom-to-top bottom-to-top vc_custom_1615192719678\" style=\" text-align: left;\">\n\t\t<h1 style=\" font-size:40px; line-height: normal; font-style: normal;\" class=\"special-title\" >\n\t\t<span style=\"\">Azienda Agricola<\/span>Vecchia Masseria<\/h1>\n\t\t<div class=\"box-description\"><p>La nostra produzione, esclusivamente <strong>biologica<\/strong>, comprende l&#8217;oliva da olio tonda iblea, nocellara etnea e nocellara del Belice, le noci da menza, il carciofo violetto, il castagno da mensa, l&#8217;arancio tarocco, il ficodindia, la mandorla, il melo da mensa, il susino, il grano e un orto misto.<\/p>\n<p>Gli ospiti della masseria possono acquistare sia i prodotti biologici dell&#8217;azienda agricola, sia i prodotti tipici siciliani nella &#8220;<strong>Bottega D&#8217;Andrea<\/strong>&#8221; per portare con s\u00e9 quel tocco di vera sicilianit\u00e0.<\/p>\n<p>I frutti e gli ortaggi sono di nostra produzione, come molti dei prodotti serviti per la colazione e presso il ristorante.<\/p>\n<\/div>\n\t<\/div> [\/vc_column][\/vc_row][vc_row full_width=&#8221;stretch_row&#8221; css_animation=&#8221;fadeInUp&#8221; css=&#8221;.vc_custom_1615191954710{padding-top: 6em !important;padding-bottom: 6em !important;background-color: #f1f1f1 !important;}&#8221;][vc_column][vc_column_text css_animation=&#8221;bottom-to-top&#8221; css=&#8221;.vc_custom_1614759580611{margin-bottom: 4em !important;padding-right: 10% !important;padding-left: 10% !important;}&#8221;]<\/p>\n<p style=\"text-align: center;\"><span class=\"lead-large\" style=\"color: #000000;\">A 18 chilometri dal Mediterraneo &#8211; dove il libeccio si diletta ad agitarsi euforico e dissimula il suo profumo &#8211; le nostre olive si rivelano in pienezza, bont\u00e0, lucentezza.<\/span><\/p>\n<p>[\/vc_column_text][vc_row_inner content_placement=&#8221;middle&#8221; css=&#8221;.vc_custom_1538145192770{margin-bottom: 0px !important;padding-right: 10% !important;padding-left: 10% !important;}&#8221;][vc_column_inner width=&#8221;1\/2&#8243;][vc_column_text css_animation=&#8221;bottom-to-top&#8221; css=&#8221;.vc_custom_1614760749506{margin-bottom: 0px !important;padding-right: 5% !important;padding-left: 5% !important;}&#8221;]Nell\u2019uliveto dell\u2019azienda agricola dell\u2019agriturismo Vecchia Masseria le foglie vibrano argentee e la luce si schiaccia in lame che tagliano paesaggi siciliani incantanti, nel territorio di Caltagirone.<\/p>\n<p>Qui tre variet\u00e0 di tremila ulivi (Nocellara etnea, Nocellara del Bel\u00ecce e tonda iblea) compiono un\u2019arabesque intorno ad un bosco di eucalipto &#8211; a 500 metri dal livello del mare &#8211; aggraziato da una terra eternamente vergine, argillosa e sabbiosa ma faticosa.<\/p>\n<p>Nel solco di una tradizione ultra decennale, le Tram\u00e6 di tre generazioni della famiglia Golino sorvegliano, imbottigliano, crescono. Cos\u00ec, in ventidue ettari, dove la terra inalterata non ha inizio n\u00e9 fine, nasce un olio extravergine, biologico, fragrante, corposo, che, di armonia, il gusto separa.[\/vc_column_text][\/vc_column_inner][vc_column_inner width=&#8221;1\/2&#8243;][vc_single_image image=&#8221;3332&#8243; img_size=&#8221;full&#8221; css_animation=&#8221;bottom-to-top&#8221; css=&#8221;.vc_custom_1614761482100{margin-bottom: 0px !important;}&#8221;][\/vc_column_inner][\/vc_row_inner][\/vc_column][\/vc_row][vc_row css_animation=&#8221;fadeInUp&#8221; css=&#8221;.vc_custom_1615191911387{margin-bottom: 4em !important;padding-top: 3em !important;}&#8221;][vc_column]\n\t<div class=\"title-subtitle-box  wpb_animate_when_almost_visible wpb_bottom-to-top bottom-to-top vc_custom_1614761925818\" style=\" text-align: center;\">\n\t\t<h1 style=\" font-style: normal;\" class=\"special-title\" >\n\t\t<span style=\"\">il nostro olio<\/span>Tram\u00e6<\/h1>\n\t<\/div> [\/vc_column][\/vc_row][vc_row css_animation=&#8221;fadeInUp&#8221;][vc_column width=&#8221;1\/3&#8243;][vc_row_inner content_placement=&#8221;middle&#8221;][vc_column_inner][vc_single_image image=&#8221;3317&#8243; img_size=&#8221;full&#8221; alignment=&#8221;center&#8221; css_animation=&#8221;bottom-to-top&#8221;]\n\t<div class=\"gg-special-link-wrapper  wpb_animate_when_almost_visible wpb_bottom-to-top bottom-to-top text-align-center\"><a  class=\"gg-special-link special-hover underline_effect \" href=\"https:\/\/www.vecchiamasseria.com\/shop\/product\/olio-evo-biologico-tramae-010-lt\/\" title=\"Olio EVO Biologico Tram\u00e6\" target=\"_self\">Acquista<\/a><\/div>[\/vc_column_inner][\/vc_row_inner][\/vc_column][vc_column width=&#8221;1\/3&#8243;][vc_row_inner content_placement=&#8221;middle&#8221;][vc_column_inner][vc_single_image image=&#8221;3459&#8243; img_size=&#8221;full&#8221; alignment=&#8221;center&#8221; css_animation=&#8221;bottom-to-top&#8221;]\n\t<div class=\"gg-special-link-wrapper  wpb_animate_when_almost_visible wpb_bottom-to-top bottom-to-top text-align-center\"><a  class=\"gg-special-link special-hover underline_effect \" href=\"https:\/\/www.vecchiamasseria.com\/shop\/product\/olio-evo-biologico-tramae-050-lt\/\" title=\"Olio EVO Biologico Tram\u00e6\" target=\"_self\">Acquista<\/a><\/div>[\/vc_column_inner][\/vc_row_inner][\/vc_column][vc_column width=&#8221;1\/3&#8243;][vc_row_inner content_placement=&#8221;middle&#8221;][vc_column_inner][vc_single_image image=&#8221;3314&#8243; img_size=&#8221;full&#8221; alignment=&#8221;center&#8221; css_animation=&#8221;bottom-to-top&#8221;]\n\t<div class=\"gg-special-link-wrapper  wpb_animate_when_almost_visible wpb_bottom-to-top bottom-to-top text-align-center\"><a  class=\"gg-special-link special-hover underline_effect \" href=\"https:\/\/www.vecchiamasseria.com\/shop\/product\/olio-evo-biologico-tramae-5-lt\/\" title=\"Olio EVO Biologico Tram\u00e6\" target=\"_self\">Acquista<\/a><\/div>[\/vc_column_inner][\/vc_row_inner][\/vc_column][\/vc_row][vc_row css=&#8221;.vc_custom_1553094036462{margin-bottom: 4em !important;padding-top: 3em !important;}&#8221;][vc_column]\n\t<div class=\"gg-special-button-wrapper  wpb_animate_when_almost_visible wpb_bottom-to-top bottom-to-top special-button-align-center special-button-style-btn-primary\"><a class=\"btn btn-primary\" href=\"https:\/\/www.vecchiamasseria.com\/shop\/shop\/\" title=\"Visita lo Shop\" target=\"_self\">Visita lo Shop<\/a><\/div>[\/vc_column][\/vc_row][vc_row full_width=&#8221;stretch_row&#8221; css=&#8221;.vc_custom_1615192531321{margin-bottom: 0px !important;background: #101010 url(https:\/\/www.vecchiamasseria.com\/shop\/wp-content\/uploads\/2021\/03\/bg-img-pattern-tramae-dark.png?id=3351) !important;}&#8221;][vc_column][vc_raw_html css=&#8221;.vc_custom_1615192554108{margin-bottom: 0px !important;}&#8221;]JTNDZGl2JTIwc3R5bGUlM0QlMjJwYWRkaW5nJTNBNTYuMjUlMjUlMjAwJTIwMCUyMDAlM0Jwb3NpdGlvbiUzQXJlbGF0aXZlJTNCJTIyJTNFJTNDaWZyYW1lJTIwc3JjJTNEJTIyaHR0cHMlM0ElMkYlMkZwbGF5ZXIudmltZW8uY29tJTJGdmlkZW8lMkY1MDkxNjM5NjMlM0Zsb29wJTNEMSUyNnRpdGxlJTNEMCUyNmJ5bGluZSUzRDAlMjZwb3J0cmFpdCUzRDAlMjIlMjBzdHlsZSUzRCUyMnBvc2l0aW9uJTNBYWJzb2x1dGUlM0J0b3AlM0EwJTNCbGVmdCUzQTAlM0J3aWR0aCUzQTEwMCUyNSUzQmhlaWdodCUzQTEwMCUyNSUzQiUyMiUyMGZyYW1lYm9yZGVyJTNEJTIyMCUyMiUyMGFsbG93JTNEJTIyYXV0b3BsYXklM0IlMjBmdWxsc2NyZWVuJTNCJTIwcGljdHVyZS1pbi1waWN0dXJlJTIyJTIwYWxsb3dmdWxsc2NyZWVuJTNFJTNDJTJGaWZyYW1lJTNFJTNDJTJGZGl2JTNFJTNDc2NyaXB0JTIwc3JjJTNEJTIyaHR0cHMlM0ElMkYlMkZwbGF5ZXIudmltZW8uY29tJTJGYXBpJTJGcGxheWVyLmpzJTIyJTNFJTNDJTJGc2NyaXB0JTNF[\/vc_raw_html][\/vc_column][\/vc_row][vc_row equal_height=&#8221;yes&#8221; content_placement=&#8221;middle&#8221; css=&#8221;.vc_custom_1615195289673{margin-top: 6em !important;margin-bottom: 6em !important;}&#8221;][vc_column width=&#8221;1\/2&#8243;][vc_single_image image=&#8221;3441&#8243; img_size=&#8221;full&#8221; css_animation=&#8221;bottom-to-top&#8221; css=&#8221;.vc_custom_1615315554384{margin-bottom: 0px !important;}&#8221;][\/vc_column][vc_column width=&#8221;1\/2&#8243; css=&#8221;.vc_custom_1615195296247{padding-top: 5% !important;padding-right: 15% !important;padding-bottom: 5% !important;padding-left: 15% !important;background-position: 0 0 !important;background-repeat: repeat !important;}&#8221;]\n\t<div class=\"title-subtitle-box  wpb_animate_when_almost_visible wpb_bottom-to-top bottom-to-top vc_custom_1615194473385\" style=\" text-align: left;\">\n\t\t<h1 style=\" font-style: normal;\" class=\"special-title\" >\n\t\t<span style=\"\">il nostro<\/span>Territorio<\/h1>\n\t\t<div class=\"box-description\"><p>L\u2019<strong>Azienda Agricola Vecchia Masseria<\/strong> si sviluppa su 56 ettari di terreno ubicato in Contrada Cutiminello, all\u2019interno del territorio di Caltagirone, a 500 mt di altitudine, all\u2019interno di un bosco di Eucalipto.<\/p>\n<p>&nbsp;<\/p>\n<\/div>\n\t<\/div> \n\t<div class=\"gg-infobox  wpb_animate_when_almost_visible wpb_bottom-to-top bottom-to-top text-align-left use_horizontal_line \" >\n\t\t<div class=\"infobox-title\" >Regione<\/div>\n\t\t<div class=\"infobox-description\" ><p>Sicily &#8211; Italy<\/p>\n<\/div>\n\t<\/div> \n\t<div class=\"gg-infobox  wpb_animate_when_almost_visible wpb_bottom-to-top bottom-to-top text-align-left use_horizontal_line \" >\n\t\t<div class=\"infobox-title\" >Estensione<\/div>\n\t\t<div class=\"infobox-description\" ><p>56 ettari<\/p>\n<\/div>\n\t<\/div> \n\t<div class=\"gg-infobox  wpb_animate_when_almost_visible wpb_bottom-to-top bottom-to-top text-align-left use_horizontal_line \" >\n\t\t<div class=\"infobox-title\" >Cultivar<\/div>\n\t\t<div class=\"infobox-description\" ><p>Tonda Iblea, Nocellara Etnea, Nocellara del Belice<\/p>\n<\/div>\n\t<\/div> \n\t<div class=\"gg-infobox  wpb_animate_when_almost_visible wpb_bottom-to-top bottom-to-top text-align-left use_horizontal_line \" >\n\t\t<div class=\"infobox-title\" >Altitudine<\/div>\n\t\t<div class=\"infobox-description\" ><p>500 mt sul livello del mare<\/p>\n<\/div>\n\t<\/div> \n\t<div class=\"gg-infobox  wpb_animate_when_almost_visible wpb_bottom-to-top bottom-to-top text-align-left use_horizontal_line \" >\n\t\t<div class=\"infobox-title\" >Clima<\/div>\n\t\t<div class=\"infobox-description\" ><p>La Sicilia ha un clima mediterraneo, con estati calde e inverni miti e piovosi<\/p>\n<\/div>\n\t<\/div> [\/vc_column][\/vc_row][vc_row full_width=&#8221;stretch_row&#8221; full_height=&#8221;yes&#8221; css_animation=&#8221;fadeInUp&#8221; css=&#8221;.vc_custom_1615191726701{margin-bottom: 0px !important;background: #f1f1f1 url(https:\/\/www.vecchiamasseria.com\/shop\/wp-content\/uploads\/2021\/03\/serie_tramae.jpg?id=3337) !important;}&#8221;][vc_column][\/vc_column][\/vc_row]<\/p>\n","protected":false},"excerpt":{"rendered":"<p>[vc_row content_placement=&#8221;middle&#8221; css_animation=&#8221;fadeInUp&#8221; css=&#8221;.vc_custom_1615191830632{margin-bottom: 6em !important;padding-top: 6em !important;padding-right: 5% !important;padding-left: 5% !important;}&#8221;][vc_column css_animation=&#8221;fadeInUp&#8221; width=&#8221;1\/2&#8243; css=&#8221;.vc_custom_1615194800771{padding-top: 10% !important;padding-right: 10% !important;padding-bottom: 10% !important;padding-left: 10% !important;background-position: 0 0 !important;background-repeat: repeat !important;}&#8221;][vc_single_image image=&#8221;3374&#8243; img_size=&#8221;full&#8221; alignment=&#8221;center&#8221; css_animation=&#8221;bottom-to-top&#8221;][\/vc_column][vc_column width=&#8221;1\/2&#8243; css=&#8221;.vc_custom_1538137307016{padding-top: 5% !important;padding-right: 15% !important;padding-bottom: 5% !important;padding-left: 15% !important;}&#8221;][\/vc_column][\/vc_row][vc_row full_width=&#8221;stretch_row&#8221; css_animation=&#8221;fadeInUp&#8221; css=&#8221;.vc_custom_1615191954710{padding-top: 6em !important;padding-bottom: 6em !important;background-color: #f1f1f1 !important;}&#8221;][vc_column][vc_column_text css_animation=&#8221;bottom-to-top&#8221; css=&#8221;.vc_custom_1614759580611{margin-bottom: 4em !important;padding-right:<\/p>\n<p class=\"more-link-wrapper\"><a class=\"read-more special-hover right_horizontal_line_effect\" href=\"https:\/\/www.vecchiamasseria.com\/shop\/\">Read More<\/a><\/p>\n","protected":false},"author":1,"featured_media":0,"parent":0,"menu_order":0,"comment_status":"closed","ping_status":"closed","template":"","meta":{"footnotes":""},"class_list":["post-2103","page","type-page","status-publish","hentry"],"_links":{"self":[{"href":"https:\/\/www.vecchiamasseria.com\/shop\/wp-json\/wp\/v2\/pages\/2103","targetHints":{"allow":["GET"]}}],"collection":[{"href":"https:\/\/www.vecchiamasseria.com\/shop\/wp-json\/wp\/v2\/pages"}],"about":[{"href":"https:\/\/www.vecchiamasseria.com\/shop\/wp-json\/wp\/v2\/types\/page"}],"author":[{"embeddable":true,"href":"https:\/\/www.vecchiamasseria.com\/shop\/wp-json\/wp\/v2\/users\/1"}],"replies":[{"embeddable":true,"href":"https:\/\/www.vecchiamasseria.com\/shop\/wp-json\/wp\/v2\/comments?post=2103"}],"version-history":[{"count":44,"href":"https:\/\/www.vecchiamasseria.com\/shop\/wp-json\/wp\/v2\/pages\/2103\/revisions"}],"predecessor-version":[{"id":3460,"href":"https:\/\/www.vecchiamasseria.com\/shop\/wp-json\/wp\/v2\/pages\/2103\/revisions\/3460"}],"wp:attachment":[{"href":"https:\/\/www.vecchiamasseria.com\/shop\/wp-json\/wp\/v2\/media?parent=2103"}],"curies":[{"name":"wp","href":"https:\/\/api.w.org\/{rel}","templated":true}]}}